{"id":846,"date":"2020-09-04T11:50:00","date_gmt":"2020-09-04T09:50:00","guid":{"rendered":"http:\/\/cascade-str.ch\/wp16\/?page_id=846"},"modified":"2020-09-04T11:51:47","modified_gmt":"2020-09-04T09:51:47","slug":"startseite-2","status":"publish","type":"page","link":"https:\/\/cascade-str.ch\/wp16\/","title":{"rendered":"Startseite"},"content":{"rendered":"<div id=\"pl-846\"  class=\"panel-layout\" ><div id=\"pg-846-0\"  class=\"panel-grid panel-no-style\" ><div id=\"pgc-846-0-0\"  class=\"panel-grid-cell\" ><div id=\"panel-846-0-0-0\" class=\"so-panel widget widget_sow-editor panel-first-child\" data-index=\"0\" ><div\n\t\t\t\n\t\t\tclass=\"so-widget-sow-editor so-widget-sow-editor-base\"\n\t\t\t\n\t\t>\n<div class=\"siteorigin-widget-tinymce textwidget\">\n\t<p><strong>Wir heissen Sie herzlich Willkommen bei Cascade S-T-R<\/strong><\/p>\n<p>Als Ihr offizieller Ansprechpartner f\u00fcr die bekannten Produkte von COUSIN TRESTEC, FAllPROTEC, ISC Wales, KASK, KONG und ROCK EXOTICA.<br \/>\nWir bieten L\u00f6sungen f\u00fcr unsere Kunden in den Bereichen Sport, Technik und Rettung.<\/p>\n<p>Unsere Kernkompetenzen liegen in den T\u00e4tigkeiten:<\/p>\n<ul>\n<li><strong>Sportklettern<\/strong><\/li>\n<li><strong>Arbeitssicherheit<\/strong><\/li>\n<li><strong>Rettung<\/strong><\/li>\n<\/ul>\n<p>Qualit\u00e4t und Kontinuit\u00e4t sind unabdingbar, wenn Ihr Leben daran h\u00e4ngt. Aus diesem Grund steht jederzeit Ihre <strong>Sicherheit <\/strong>im Zentrum unseres Handelns.<br \/>\nWir w\u00fcnschen Ihnen viel Spass bei Ihren Aktivit\u00e4ten, nicht zuletzt beim Erkunden unserer Webseite!<\/p>\n<p>Sportliche Gr\u00fcsse<\/p>\n<p>Christian und Marcel<\/p>\n<p>&nbsp;<\/p>\n<\/div>\n<\/div><\/div><div id=\"panel-846-0-0-1\" class=\"so-panel widget widget_text\" data-index=\"1\" ><h3 class=\"widget-title\">Unsere Marken<\/h3>\t\t\t<div class=\"textwidget\"><\/div>\n\t\t<\/div><div id=\"panel-846-0-0-2\" class=\"so-panel widget widget_sow-features panel-last-child\" data-index=\"2\" ><div class=\"panel-widget-style panel-widget-style-for-846-0-0-2\" ><div\n\t\t\t\n\t\t\tclass=\"so-widget-sow-features so-widget-sow-features-default-76a191d89861-846\"\n\t\t\t\n\t\t><ul\n\tclass=\"sow-features-list\n\tsow-features-responsive\">\n\n\t\t\t<li\n\t\t\tclass=\"sow-features-feature sow-icon-container-position-top\"\n\t\t\tstyle=\"display: flex; flex-direction: column; width: calc(33.333% - 25px);\"\n\t\t>\n\t\t\t\n\t\t\t\t\t\t<a\t\t\t\tclass=\"sow-icon-container sow-container-none\"\n\t\t\t\tstyle=\"color: #404040; \"\n\t\t\t\ttitle=\"KONG\"\n\t\t\t\t\t\t\t\t\thref=\"https:\/\/cascade-str.ch\/wp16\/marken\/\"\n\t\t\t\t\t\t\t\t>\n\t\t\t\t\t\t\t\t\t\t<div class=\"sow-icon-image\" style=\"background-image: url(https:\/\/cascade-str.ch\/wp16\/wp-content\/uploads\/2016\/10\/Logo_Kong3D.jpg); font-size: 24px\"><\/div>\n\t\t\t\t\t\t\t\t\t<\/a>\n\n\t\t\t<div class=\"textwidget\">\n\t\t\t\t\n\t\t\t\t\n\t\t\t\t\t\t\t<\/div>\n\t\t\t\t\t\t\t\t<\/li>\n\n\t\t\t<li\n\t\t\tclass=\"sow-features-feature sow-icon-container-position-top\"\n\t\t\tstyle=\"display: flex; flex-direction: column; width: calc(33.333% - 25px);\"\n\t\t>\n\t\t\t\n\t\t\t\t\t\t<a\t\t\t\tclass=\"sow-icon-container sow-container-none\"\n\t\t\t\tstyle=\"color: #404040; \"\n\t\t\t\ttitle=\"FALLPROTEC\"\n\t\t\t\t\t\t\t\t\thref=\"https:\/\/cascade-str.ch\/wp16\/marken\/\"\n\t\t\t\t\t\t\t\t>\n\t\t\t\t\t\t\t\t\t\t<div class=\"sow-icon-image\" style=\"background-image: url(https:\/\/cascade-str.ch\/wp16\/wp-content\/uploads\/2020\/09\/Fallprotec_logo.jpg); font-size: 24px\"><\/div>\n\t\t\t\t\t\t\t\t\t<\/a>\n\n\t\t\t<div class=\"textwidget\">\n\t\t\t\t\n\t\t\t\t\n\t\t\t\t\t\t\t<\/div>\n\t\t\t\t\t\t\t\t<\/li>\n\n\t\t\t<li\n\t\t\tclass=\"sow-features-feature sow-icon-container-position-top\"\n\t\t\tstyle=\"display: flex; flex-direction: column; width: calc(33.333% - 25px);\"\n\t\t>\n\t\t\t\n\t\t\t\t\t\t<a\t\t\t\tclass=\"sow-icon-container sow-container-none\"\n\t\t\t\tstyle=\"color: #404040; \"\n\t\t\t\ttitle=\"KASK\"\n\t\t\t\t\t\t\t\t\thref=\"https:\/\/cascade-str.ch\/wp16\/marken\/\"\n\t\t\t\t\t\t\t\t>\n\t\t\t\t\t\t\t\t\t\t<div class=\"sow-icon-image\" style=\"background-image: url(https:\/\/cascade-str.ch\/wp16\/wp-content\/uploads\/2016\/10\/logo_kask.jpg); font-size: 24px\"><\/div>\n\t\t\t\t\t\t\t\t\t<\/a>\n\n\t\t\t<div class=\"textwidget\">\n\t\t\t\t\n\t\t\t\t\n\t\t\t\t\t\t\t<\/div>\n\t\t\t\t\t\t\t\t<\/li>\n\n\t\t\t<li\n\t\t\tclass=\"sow-features-feature sow-icon-container-position-top\"\n\t\t\tstyle=\"display: flex; flex-direction: column; width: calc(33.333% - 25px);\"\n\t\t>\n\t\t\t\n\t\t\t\t\t\t<a\t\t\t\tclass=\"sow-icon-container sow-container-none\"\n\t\t\t\tstyle=\"color: #404040; \"\n\t\t\t\ttitle=\"ISC Wales\"\n\t\t\t\t\t\t\t\t\thref=\"https:\/\/cascade-str.ch\/wp16\/marken\/\"\n\t\t\t\t\t\t\t\t>\n\t\t\t\t\t\t\t\t\t\t<div class=\"sow-icon-image\" style=\"background-image: url(https:\/\/cascade-str.ch\/wp16\/wp-content\/uploads\/2016\/10\/ISC_Logo_grey.png); font-size: 24px\"><\/div>\n\t\t\t\t\t\t\t\t\t<\/a>\n\n\t\t\t<div class=\"textwidget\">\n\t\t\t\t\n\t\t\t\t\n\t\t\t\t\t\t\t<\/div>\n\t\t\t\t\t\t\t\t<\/li>\n\n\t\t\t<li\n\t\t\tclass=\"sow-features-feature sow-icon-container-position-top\"\n\t\t\tstyle=\"display: flex; flex-direction: column; width: calc(33.333% - 25px);\"\n\t\t>\n\t\t\t\n\t\t\t\t\t\t<a\t\t\t\tclass=\"sow-icon-container sow-container-none\"\n\t\t\t\tstyle=\"color: #404040; \"\n\t\t\t\ttitle=\"ROCK EXOTICA\"\n\t\t\t\t\t\t\t\t\thref=\"https:\/\/cascade-str.ch\/wp16\/marken\/\"\n\t\t\t\t\t\t\t\t>\n\t\t\t\t\t\t\t\t\t\t<div class=\"sow-icon-image\" style=\"background-image: url(https:\/\/cascade-str.ch\/wp16\/wp-content\/uploads\/2016\/10\/rockexotica.png); font-size: 24px\"><\/div>\n\t\t\t\t\t\t\t\t\t<\/a>\n\n\t\t\t<div class=\"textwidget\">\n\t\t\t\t\n\t\t\t\t\n\t\t\t\t\t\t\t<\/div>\n\t\t\t\t\t\t\t\t<\/li>\n\n\t\t\t<li\n\t\t\tclass=\"sow-features-feature sow-icon-container-position-top\"\n\t\t\tstyle=\"display: flex; flex-direction: column; width: calc(33.333% - 25px);\"\n\t\t>\n\t\t\t\n\t\t\t\t\t\t<a\t\t\t\tclass=\"sow-icon-container sow-container-none\"\n\t\t\t\tstyle=\"color: #404040; \"\n\t\t\t\ttitle=\"COUSIN TRESTEC\"\n\t\t\t\t\t\t\t\t\thref=\"https:\/\/cascade-str.ch\/wp16\/marken\/\"\n\t\t\t\t\t\t\t\t>\n\t\t\t\t\t\t\t\t\t\t<div class=\"sow-icon-image\" style=\"background-image: url(https:\/\/cascade-str.ch\/wp16\/wp-content\/uploads\/2018\/03\/CousinTrestec.jpg); font-size: 24px\"><\/div>\n\t\t\t\t\t\t\t\t\t<\/a>\n\n\t\t\t<div class=\"textwidget\">\n\t\t\t\t\n\t\t\t\t\n\t\t\t\t\t\t\t<\/div>\n\t\t\t\t\t\t\t\t<\/li>\n\n\t<\/ul>\n<\/div><\/div><\/div><\/div><\/div><\/div>","protected":false},"excerpt":{"rendered":"<p>Wir heissen Sie herzlich Willkommen bei Cascade S-T-R Als Ihr offizieller Ansprechpartner f\u00fcr die bekannten Produkte von COUSIN TRESTEC, FAllPROTEC, ISC Wales, KASK, KONG und ROCK EXOTICA. Wir bieten L\u00f6sungen f\u00fcr unsere Kunden in den Bereichen Sport, Technik und Rettung. Unsere Kernkompetenzen liegen in den T\u00e4tigkeiten: Sportklettern Arbeitssicherheit Rettung Qualit\u00e4t und Kontinuit\u00e4t sind unabdingbar, wenn &#8230;<\/p>\n","protected":false},"author":2,"featured_media":0,"parent":0,"menu_order":0,"comment_status":"closed","ping_status":"closed","template":"","meta":{"footnotes":""},"class_list":["post-846","page","type-page","status-publish","hentry"],"yoast_head":"<!-- This site is optimized with the Yoast SEO plugin v27.4 - https:\/\/yoast.com\/product\/yoast-seo-wordpress\/ -->\n<title>Startseite - Cascade-S-T-R<\/title>\n<meta name=\"robots\" content=\"index, follow, max-snippet:-1, max-image-preview:large, max-video-preview:-1\" \/>\n<link rel=\"canonical\" href=\"https:\/\/cascade-str.ch\/wp16\/\" \/>\n<meta property=\"og:locale\" content=\"de_DE\" \/>\n<meta property=\"og:type\" content=\"article\" \/>\n<meta property=\"og:title\" content=\"Startseite - Cascade-S-T-R\" \/>\n<meta property=\"og:description\" content=\"Wir heissen Sie herzlich Willkommen bei Cascade S-T-R Als Ihr offizieller Ansprechpartner f\u00fcr die bekannten Produkte von COUSIN TRESTEC, FAllPROTEC, ISC Wales, KASK, KONG und ROCK EXOTICA. Wir bieten L\u00f6sungen f\u00fcr unsere Kunden in den Bereichen Sport, Technik und Rettung. Unsere Kernkompetenzen liegen in den T\u00e4tigkeiten: Sportklettern Arbeitssicherheit Rettung Qualit\u00e4t und Kontinuit\u00e4t sind unabdingbar, wenn ...\" \/>\n<meta property=\"og:url\" content=\"https:\/\/cascade-str.ch\/wp16\/\" \/>\n<meta property=\"og:site_name\" content=\"Cascade-S-T-R\" \/>\n<meta property=\"article:publisher\" content=\"https:\/\/www.facebook.com\/cascade.ch\" \/>\n<meta property=\"article:modified_time\" content=\"2020-09-04T09:51:47+00:00\" \/>\n<meta name=\"twitter:card\" content=\"summary_large_image\" \/>\n<meta name=\"twitter:label1\" content=\"Gesch\u00e4tzte Lesezeit\" \/>\n\t<meta name=\"twitter:data1\" content=\"1\u00a0Minute\" \/>\n<script type=\"application\/ld+json\" class=\"yoast-schema-graph\">{\"@context\":\"https:\\\/\\\/schema.org\",\"@graph\":[{\"@type\":\"WebPage\",\"@id\":\"https:\\\/\\\/cascade-str.ch\\\/wp16\\\/\",\"url\":\"https:\\\/\\\/cascade-str.ch\\\/wp16\\\/\",\"name\":\"Startseite - Cascade-S-T-R\",\"isPartOf\":{\"@id\":\"https:\\\/\\\/cascade-str.ch\\\/wp16\\\/#website\"},\"datePublished\":\"2020-09-04T09:50:00+00:00\",\"dateModified\":\"2020-09-04T09:51:47+00:00\",\"breadcrumb\":{\"@id\":\"https:\\\/\\\/cascade-str.ch\\\/wp16\\\/#breadcrumb\"},\"inLanguage\":\"de\",\"potentialAction\":[{\"@type\":\"ReadAction\",\"target\":[\"https:\\\/\\\/cascade-str.ch\\\/wp16\\\/\"]}]},{\"@type\":\"BreadcrumbList\",\"@id\":\"https:\\\/\\\/cascade-str.ch\\\/wp16\\\/#breadcrumb\",\"itemListElement\":[{\"@type\":\"ListItem\",\"position\":1,\"name\":\"Startseite\",\"item\":\"https:\\\/\\\/cascade-str.ch\\\/wp16\\\/\"},{\"@type\":\"ListItem\",\"position\":2,\"name\":\"Startseite\"}]},{\"@type\":\"WebSite\",\"@id\":\"https:\\\/\\\/cascade-str.ch\\\/wp16\\\/#website\",\"url\":\"https:\\\/\\\/cascade-str.ch\\\/wp16\\\/\",\"name\":\"Cascade-S-T-R\",\"description\":\"\",\"publisher\":{\"@id\":\"https:\\\/\\\/cascade-str.ch\\\/wp16\\\/#organization\"},\"potentialAction\":[{\"@type\":\"SearchAction\",\"target\":{\"@type\":\"EntryPoint\",\"urlTemplate\":\"https:\\\/\\\/cascade-str.ch\\\/wp16\\\/?s={search_term_string}\"},\"query-input\":{\"@type\":\"PropertyValueSpecification\",\"valueRequired\":true,\"valueName\":\"search_term_string\"}}],\"inLanguage\":\"de\"},{\"@type\":\"Organization\",\"@id\":\"https:\\\/\\\/cascade-str.ch\\\/wp16\\\/#organization\",\"name\":\"Cascade S-T-R AG\",\"url\":\"https:\\\/\\\/cascade-str.ch\\\/wp16\\\/\",\"logo\":{\"@type\":\"ImageObject\",\"inLanguage\":\"de\",\"@id\":\"https:\\\/\\\/cascade-str.ch\\\/wp16\\\/#\\\/schema\\\/logo\\\/image\\\/\",\"url\":\"https:\\\/\\\/i0.wp.com\\\/cascade-str.ch\\\/wp16\\\/wp-content\\\/uploads\\\/2016\\\/10\\\/Logo_Cascade_150.png?fit=1201%2C316&ssl=1\",\"contentUrl\":\"https:\\\/\\\/i0.wp.com\\\/cascade-str.ch\\\/wp16\\\/wp-content\\\/uploads\\\/2016\\\/10\\\/Logo_Cascade_150.png?fit=1201%2C316&ssl=1\",\"width\":1201,\"height\":316,\"caption\":\"Cascade S-T-R AG\"},\"image\":{\"@id\":\"https:\\\/\\\/cascade-str.ch\\\/wp16\\\/#\\\/schema\\\/logo\\\/image\\\/\"},\"sameAs\":[\"https:\\\/\\\/www.facebook.com\\\/cascade.ch\"]}]}<\/script>\n<!-- \/ Yoast SEO plugin. -->","yoast_head_json":{"title":"Startseite - Cascade-S-T-R","robots":{"index":"index","follow":"follow","max-snippet":"max-snippet:-1","max-image-preview":"max-image-preview:large","max-video-preview":"max-video-preview:-1"},"canonical":"https:\/\/cascade-str.ch\/wp16\/","og_locale":"de_DE","og_type":"article","og_title":"Startseite - Cascade-S-T-R","og_description":"Wir heissen Sie herzlich Willkommen bei Cascade S-T-R Als Ihr offizieller Ansprechpartner f\u00fcr die bekannten Produkte von COUSIN TRESTEC, FAllPROTEC, ISC Wales, KASK, KONG und ROCK EXOTICA. Wir bieten L\u00f6sungen f\u00fcr unsere Kunden in den Bereichen Sport, Technik und Rettung. Unsere Kernkompetenzen liegen in den T\u00e4tigkeiten: Sportklettern Arbeitssicherheit Rettung Qualit\u00e4t und Kontinuit\u00e4t sind unabdingbar, wenn ...","og_url":"https:\/\/cascade-str.ch\/wp16\/","og_site_name":"Cascade-S-T-R","article_publisher":"https:\/\/www.facebook.com\/cascade.ch","article_modified_time":"2020-09-04T09:51:47+00:00","twitter_card":"summary_large_image","twitter_misc":{"Gesch\u00e4tzte Lesezeit":"1\u00a0Minute"},"schema":{"@context":"https:\/\/schema.org","@graph":[{"@type":"WebPage","@id":"https:\/\/cascade-str.ch\/wp16\/","url":"https:\/\/cascade-str.ch\/wp16\/","name":"Startseite - Cascade-S-T-R","isPartOf":{"@id":"https:\/\/cascade-str.ch\/wp16\/#website"},"datePublished":"2020-09-04T09:50:00+00:00","dateModified":"2020-09-04T09:51:47+00:00","breadcrumb":{"@id":"https:\/\/cascade-str.ch\/wp16\/#breadcrumb"},"inLanguage":"de","potentialAction":[{"@type":"ReadAction","target":["https:\/\/cascade-str.ch\/wp16\/"]}]},{"@type":"BreadcrumbList","@id":"https:\/\/cascade-str.ch\/wp16\/#breadcrumb","itemListElement":[{"@type":"ListItem","position":1,"name":"Startseite","item":"https:\/\/cascade-str.ch\/wp16\/"},{"@type":"ListItem","position":2,"name":"Startseite"}]},{"@type":"WebSite","@id":"https:\/\/cascade-str.ch\/wp16\/#website","url":"https:\/\/cascade-str.ch\/wp16\/","name":"Cascade-S-T-R","description":"","publisher":{"@id":"https:\/\/cascade-str.ch\/wp16\/#organization"},"potentialAction":[{"@type":"SearchAction","target":{"@type":"EntryPoint","urlTemplate":"https:\/\/cascade-str.ch\/wp16\/?s={search_term_string}"},"query-input":{"@type":"PropertyValueSpecification","valueRequired":true,"valueName":"search_term_string"}}],"inLanguage":"de"},{"@type":"Organization","@id":"https:\/\/cascade-str.ch\/wp16\/#organization","name":"Cascade S-T-R AG","url":"https:\/\/cascade-str.ch\/wp16\/","logo":{"@type":"ImageObject","inLanguage":"de","@id":"https:\/\/cascade-str.ch\/wp16\/#\/schema\/logo\/image\/","url":"https:\/\/i0.wp.com\/cascade-str.ch\/wp16\/wp-content\/uploads\/2016\/10\/Logo_Cascade_150.png?fit=1201%2C316&ssl=1","contentUrl":"https:\/\/i0.wp.com\/cascade-str.ch\/wp16\/wp-content\/uploads\/2016\/10\/Logo_Cascade_150.png?fit=1201%2C316&ssl=1","width":1201,"height":316,"caption":"Cascade S-T-R AG"},"image":{"@id":"https:\/\/cascade-str.ch\/wp16\/#\/schema\/logo\/image\/"},"sameAs":["https:\/\/www.facebook.com\/cascade.ch"]}]}},"_links":{"self":[{"href":"https:\/\/cascade-str.ch\/wp16\/wp-json\/wp\/v2\/pages\/846","targetHints":{"allow":["GET"]}}],"collection":[{"href":"https:\/\/cascade-str.ch\/wp16\/wp-json\/wp\/v2\/pages"}],"about":[{"href":"https:\/\/cascade-str.ch\/wp16\/wp-json\/wp\/v2\/types\/page"}],"author":[{"embeddable":true,"href":"https:\/\/cascade-str.ch\/wp16\/wp-json\/wp\/v2\/users\/2"}],"replies":[{"embeddable":true,"href":"https:\/\/cascade-str.ch\/wp16\/wp-json\/wp\/v2\/comments?post=846"}],"version-history":[{"count":18,"href":"https:\/\/cascade-str.ch\/wp16\/wp-json\/wp\/v2\/pages\/846\/revisions"}],"predecessor-version":[{"id":865,"href":"https:\/\/cascade-str.ch\/wp16\/wp-json\/wp\/v2\/pages\/846\/revisions\/865"}],"wp:attachment":[{"href":"https:\/\/cascade-str.ch\/wp16\/wp-json\/wp\/v2\/media?parent=846"}],"curies":[{"name":"wp","href":"https:\/\/api.w.org\/{rel}","templated":true}]}}